1 - -2)
-1
What is the value of 6 + (4 - 0) + -6?
4
-11 - (3 - (1 + 4))
-9
What is the value of (-10 - -11) + (1 - -1)?
3
2 - (-2 - (-7 + 3)) - -1
1
Evaluate -20 + 21 - (6 - 1).
-4
What is the value of (8 - -5) + -16 + 3?
0
Evaluate (0 - -4) + -9 + 6.
1
Evaluate -13 + 7 + 2 + 4 + 1.
1
What is the value of 5 + (-13 - ((-13 - -5) + 5))?
-5
Calculate (4 - (-4 + 2)) + -12.
-6
6 + -5 + (0 - 6) + 4
-1
2 + (7 - 5) + -4
0
-10 - (-37 + 9 - -12)
6
Calculate -5 + -2 + -4 + -2 + 6.
-7
What is the value of -1 + -3 + -4 + 3 + 5?
0
(-104 - -104) + (2 - 1)
1
Evaluate 1 - (8 - (1 - -1)).
-5
What is 23 + -11 + 5 + -9?
8
Calculate (0 - 17 - -7) + 9.
-1
What is the value of -5 - (-1 - (-2 + 11))?
5
Evaluate 6 + -5 + (-1 - -2) + -2.
0
Evaluate (20 - 35) + 13 + -5.
-7
What is the value of -4 + 3 - (6 - (7 - -4))?
4
What is 1 + 11 + (-16 - -12)?
8
Evaluate (-4 - -5) + (11 - (3 - -1)).
8
Evaluate (0 + 4 - 10) + 4.
-2
What is -1 + (-2 - 0) - -2?
-1
What is the value of -1 + 0 + (-3 - (3 + -2))?
-5
Evaluate (0 - 8) + 0 - (-23 - -20).
-5
Evaluate 9 + -18 + 8 + 6.
5
What is the value of ((1 - -2) + 2 - 12) + 10?
3
Calculate 2 + (0 - -1) + 2.
5
What is the value of -7 - (3 + -7) - -2?
-1
Evaluate (0 - 10 - -14) + (-5 - -1).
0
(-13 - (-16 - 3)) + (-9 - -1)
-2
Calculate -7 - (-7 + 7 + -2).
-5
What is -4 + 3 + (-4 - 0)?
-5
Evaluate 2 + -2 + 1 + -4.
-3
What is -6 - (-9 + 10 + -5) - 4?
-6
Calculate 3 - (4 - -9 - (-1 + 6)).
-5
What is 4 + -4 - -4 - 4?
0
Evaluate 1 - 1 - (6 - 8).
2
Calculate -4 + 6 - (2 + 3).
-3
Evaluate -7 + (2 - -1) - (-10 - 1).
7
0 + (4 - 4) + 2 + 1
3
What is the value of (4 + (1 - 2) - 2) + 2?
3
What is the value of 23 + -24 + (-1 - -6)?
4
Calculate -2 + -3 + 1 + 5 + 3.
4
Evaluate (-3 - 1) + (24 - 25).
-5
(-3 - (2 - 6)) + 0 + -6
-5
-1 + 3 + -10 + 3 + 5
0
Evaluate -4 + -3 + 2 + 1 - 0.
-4
Evaluate (17 - 16) + (-1 - 1 - 4).
-5
Evaluate -4 + 4 + -5 + 10.
5
Evaluate -4 + 2 - -1 - (2 + -2).
-1
What is the value of -1 - (-11 + -1 + 6)?
5
0 + 6 + -4 + -2
0
What is -2 + (4 - 9 - -1) - -8?
2
What is -2 + (4 - (-10 + 6)) - 14?
-8
Calculate 4 - ((9 - -3) + -10 + 5).
-3
What is the value of 93 + -101 - (-3 - -2 - 12)?
5
What is (1 - -5) + (6 - 12) + 1?
1
Calculate 1 + 9 + -3 - 7.
0
What is (-2 - 4) + 9 + -6?
-3
Calculate 8 + (3 - (8 + 9)).
-6
What is -2 - (13 - (5 + (-1 - -4)))?
-7
1 + -1 + 26 + -23 + -5
-2
What is the value of (2 + -2 - -3) + 44 + -53?
-6
What is the value of (4 - (-8 + 1)) + -7?
4
What is 1 + 3 - 3 - (-2 + 2)?
1
What is 5 + -1 + 1 + -5?
0
(-5 + 14 + -2 - -1) + -2
6
What is the value of -76 + 79 + (-1 - 8)?
-6
Evaluate -9 - -3 - (-2 - (1 + 0)).
-3
Calculate -4 + (2 - 6) + 10.
2
Calculate 0 + 6 + -11 - 3.
-8
Calculate (-5 - -8 - -2) + -5 + 4.
4
Calculate 8 + -6 - 2 - (-3 - 1).
4
What is the value of (6 + -17 - -8) + 2 - -6?
5
Evaluate 73 + -70 + 5 + -1 + 0.
7
What is -6 + (-7 + 7 - 2) + 4?
-4
2 + (-8 - -4 - (-2 - 1))
1
(15 - 4) + -2 + -17
-8
Evaluate -3 + 4 + -3 + 0 + 0.
-2
What is 3 + (4 + -5 - 0)?
2
(9 - 1) + 8 + -14
2
Calculate (-5 - (-2 - 11)) + 9 + -13.
4
What is 1 - (-3 - -8 - 4 - -6)?
-6
Evaluate (-14 - (-5 - 4)) + 0 + 2.
-3
Calculate 5 + -12 + -2 + 6.
-3
Calculate -14 + 4 + -21 + 37.
6
-4 + 2 + (4 - 1)
1
Calculate 5 + 0 + (4 - 6) + -1.
2
Calculate 0 + -1 + -3 - -3.
-1
What is the value of 2 + 6 + (-7 - (-10 + 8))?
3
2 + -5 + 10 - 9
-2
2 + 1 + (0 - 6 - -4)
1
Evaluate -3 + (9 - 2 - 2).
2
Calculate 6 - (8 - (0 - -3)).
1
9 + -4 + 2 - 6
1
What is 10 + -12 - (-1 + (2 - 2))?
-1
Calculate 0 + (-6 - (2 - 6)).
-2
-6 + (-6 - (-4 - 4))
-4
1 + (-3 - (0 + 1))
-3
Calculate -7 + 2 + (1 - (0 + 1)).
-5
Calculate -4 + -7 + (2 - -4).
-5
-4 + (-1 - 2) + 9 + -6
-4
(5 - (4 + 1)) + 3 - 6
-3
What is -8 - (10 + (5 - 30))?
7
5 + (11 + -4 - 17)
-5
Evaluate (-1 - (3 - (-4 + 4))) + 0.
-4
(4 - -3) + -2 + -2
3
Calculate -4 - (0 + 3 - 7) - 4.
-4
What is the value of 4 + -8 + (1 - -2) + 7?
6
Evaluate 1 + -5 - (10 + 20 + -36).
2
8 - (-2 - (0 - 4)) - 1
5
Evaluate -6 + (-1 - (-18 + (11 - 6))).
6
15 + -24 + (9 - 1)
-1
What is 0 - -1 - ((5 - 4) + -2)?
2
Evaluate 2 - 2 - 1 - (-88 - -87).
0
Evaluate 33 - 30 - (2 - 0).
1
What is -6 + (1 - -5 - (-26 - -27))?
-1
What is 0 + -7 - (-10 - -5 - 9)?
7
Evaluate 17 + 2 + (3 - 13).
9
Evaluate 3 + (-12 - (-5 - 11)).
7
What is the value of -17 + 14 + -1 + 2 + -2?
-4
-3 - (-2 + -3 + 4)
-2
What is -10 + (6 - 2) + 5?
-1
Evaluate 1 + -2 + (8 - 5) - 2.
0
Evaluate -2 + -2 + 1 + 3.
0
Calculate -3 + 1 - (1 - 0).
-3
1 + (15 - 14 - (-5 + -1))
8
Calculate -4 + -2 + -2 + (-1 - -2).
-7
What is -5 - -9 - -3 - 1?
6
What is (5 - (-5 - -4)) + (-4 - 2)?
0
Calculate 7 + -15 + -1 + (-1 - -6).
-4
Calculate -8 - (2 - 5) - -3.
-2
What is -1 + -3 - (-14 - -9 - -2)?
-1
Calculate -3 + -2 + 5 + 6 + -2.
4
Evaluate 1 - (4 + -8) - 0.
5
(9 - -2) + -17 + 4
-2
Calculate 0 + 2 - (4 + 2 + 0).
-4
Calculate -13 + -6 + 7 - -6 - -10.
4
What is (-39 - -50) + -13 + 1?
-1
-6 + 12 + (-2 - 4)
0
Calculate (7 - (-2 + -6 + 5)) + 0.
10
4 - (4 + (-1 - (1 - 5)))
-3
What is the value of -4 + 1 + (8 - (10 - 4))?
-1
What is the value of (-9 - -16 - 14) + 6?
-1
(-3 - -8) + -10 + 1 + 2
-2
What is the value of 0 + -2 + 0 + 2?
0
Evaluate -8 + 7 - (-7 - -3 - -7).
-4
Calculate -5 + (-3 - -4) - (-3 + -1).
0
10 - 3 - (6 + -2)
3
(4 - 7) + (3 - -1)
1
Calculate 1 + -2 + -1 - (-64 + 71).
-9
Evaluate 0 + 4 - (38 + -33).
-1
(-37 + 33 - (-10 - 0)) + -12
-6
What is the value of 2 + -4 + 1 + 4?
3
-3 + 2 + (-12 - -6)
-7
-7 + 2 - (-1 - 6)
2
What is 2 + -2 + (5 - 3) - 0?
2
Evaluate -2 - (-4 - -10) - (-1 + 0).
-7
What is 9 + (-9 - (4 - -2))?
-6
1 + (5 - 0) + -11
-5
Calculate -4 + 8 - (-4 + -4 + 6).
6
-1 + 8 - (12 - 5 - 3)
3
Evaluate 1 - ((1 - -5) + -9).
4
What is 1 + -6 + -2 + 3?
-4
What is (9 - (19 - 6)) + -2?
-6
What is (-5 - (-2 + 3)) + 6?
0
12 + -26 + 18 - (2 - 0)
2
Calculate (-2 + 4 - 0) + 2.
4
What is -14 - (-4 - (6 + -1))?
-5
Calculate 2 + -6 - (5 - (3 - -2)).
-4
Evaluate -2 + (3 - (-1 + -2 + 8)).
-4
What is the value of 1 - -4 - (6 + -2)?
1
Evaluate (0 + -7 - -8) + -8.
-7
Evaluate 4 + (5 - 7) - 1.
1
What is the value of 2 - 1 - (10 - 5)?
-4
What is 1 + -7 + 4 - (0 + 3)?
-5
Calculate (-2 - -7 - 3) + -7 + 2.
-3
Calculate -3 - (-6 + (-5 - -5)).
3
Calculate -6 + 7 - (0 + 0) - -1.
2
What is the value of (-2 - 3 - -2) + (3 - 1)?
-1
What is the value of 0 + (-14 - -2) + 8?
-4
Evaluate -7 - 1 - (39 - 46).
-1
Calculate -3 - ((-1 - -3) + -5).
0
6 + (-3 - 3) - (6 - 2)
-4
-2 + 0 - (3 + -2 + -5)
2
(12 - 3) + (8 - 14)
3
Evaluate 2 - (3 + -4 + -2).
5
What is the value of (0 - -8) + -5 - 4?
-1
Calculate -4 + 2 - -4 - (1 + -5).
6
What is the value of (12 + -5 - 5) + -9?
-7
Evaluate -1 - -6 - (30 + -20).
-5
Evaluate (-3 - -7) + (-2 - -2) - 4.
0
-1 + 0 - (52 + -47)
-6
Calculate 1 + -1 + 2 + 3 + -4.
1
Evaluate -4 - -6 - (2 + -4 + 0).
4
What is 8 + (-12 - (6 + -9))?
-1
What is (6 + -2 + -6 - -7) + -7?
-2
Evaluate (-1 - (-5 - -6 - 2)) + 3.
3
Calculate 0 + (23 - 25) + 8 + 0.
6
What is 0 + -1 + -1 + (12 - 6)?
4
Calculate (9 + -1 - 7 - 0) + -5.
-4
What is the value of -2 + -3 + (4 - 2) + 6?
3
Evaluate (2 - (-3 - (3 + -5))) + 2.
5
What is the value of (-10 - -4) + 4 + 6 - 1?
3
What is 11 + -11 - -1 - (-3 + -3)?
7
Calculate 2 + 6 - 4 - 4.
0
What is the value of (7 - -2 - 8) + -2?
-1
Calculate -1 - (-4 - -2) - (-7 + 8).
0
What is (1 - -6 - 0) + 832 + -829?
10
What is the value of 10 + 0 + -3 - (2 + 2)?
3
What is the value of 6 + -1 + 5 + 16 + -20?
6
What is the value of -4 - (-13 - -9 - -4)?
-4
What is 4 - ((8 - 5) + 4)?
-3
-13 + (-5 - -13 - -1)
-4
What is 2 - (8 + 1 - 2) - -6?
1
Evaluate 1 - (3 - 2 - (5 - 6)).
-1
What is the value of (1 - 4 - 0) + -2?
-5
Calculate -3 - 4 - (-3 - 0).
-4
What is 11 - 10 - (7 + -4 + 2)?
-4
What is 2 - 7 - ((2 - -2) + -4)?
-5
What is (-4 - -7) + 4 + -3?
4
What is the value of -39 - -45 - (-1 + 2 + 2)?
3
Evaluate 9 + -3 - (16 + -10).
0
-17 - -20 - (2 - (1 - 1))
1
Evaluate 0 - 1 - (-43 + 37).
5
-8 + 0 - (-23 - -19)
-4
1 - (7 - (12 + -5))
1
Calculate -7 - (-17 - (0 + -6)).
4
What is 2 + (5 - 3) + 16 + -13?
7
Calculate (3 - (-8 - -6)) + 1 + 1.
7
Evaluate -3 - (0 + 2 + (-8 - -7)).
-4
3 + (-2 - 5 - 0) + 4
0
What is 5 - ((-6 - -15) + -4)?
0
What is the value of -6 - 0 - (3 + -9)?
0
(1 + -9 - -10) + -5
-3
Evaluate -5 + 1 + 3 + 4 + -1.
2
Calculate -1 - -3 - (-20 - -22).
0
Evaluate 10 + (3 - 12) + 4.
5
Calculate 7 +